 of 1260.
2, 3, 5, 7
What are the prime factors of 4663?
4663
List the prime factors of 31466.
2, 15733
List the prime factors of 13044.
2, 3, 1087
List the prime factors of 241.
241
List the prime factors of 60421.
23, 37, 71
List the prime factors of 185.
5, 37
What are the prime factors of 64456?
2, 7, 1151
What are the prime factors of 1847?
1847
What are the prime factors of 43395?
3, 5, 11, 263
List the prime factors of 5780.
2, 5, 17
List the prime factors of 18454.
2, 9227
What are the prime factors of 199?
199
What are the prime factors of 145?
5, 29
List the prime factors of 3376.
2, 211
List the prime factors of 957.
3, 11, 29
What are the prime factors of 5731?
11, 521
List the prime factors of 8622.
2, 3, 479
What are the prime factors of 61982?
2, 17, 1823
List the prime factors of 13836.
2, 3, 1153
What are the prime factors of 893?
19, 47
What are the prime factors of 34360?
2, 5, 859
What are the prime factors of 1931?
1931
List the prime factors of 71.
71
What are the prime factors of 942?
2, 3, 157
What are the prime factors of 52916?
2, 13229
List the prime factors of 14265.
3, 5, 317
List the prime factors of 24062.
2, 53, 227
What are the prime factors of 32086?
2, 61, 263
What are the prime factors of 12129?
3, 13, 311
List the prime factors of 820.
2, 5, 41
List the prime factors of 769.
769
What are the prime factors of 844?
2, 211
List the prime factors of 776.
2, 97
List the prime factors of 34661.
11, 23, 137
List the prime factors of 1064.
2, 7, 19
What are the prime factors of 127306?
2, 53, 1201
What are the prime factors of 35744?
2, 1117
List the prime factors of 2981.
11, 271
List the prime factors of 24159.
3, 8053
List the prime factors of 44636.
2, 11159
List the prime factors of 6651.
3, 739
List the prime factors of 10345.
5, 2069
List the prime factors of 920.
2, 5, 23
List the prime factors of 2806.
2, 23, 61
What are the prime factors of 73517?
73517
List the prime factors of 2446.
2, 1223
List the prime factors of 4378.
2, 11, 199
List the prime factors of 28506.
2, 3, 4751
List the prime factors of 119.
7, 17
What are the prime factors of 64?
2
What are the prime factors of 4286?
2, 2143
List the prime factors of 760.
2, 5, 19
What are the prime factors of 66411?
3, 47, 157
What are the prime factors of 6229?
6229
What are the prime factors of 949?
13, 73
List the prime factors of 99226.
2, 49613
List the prime factors of 3413.
3413
List the prime factors of 5770.
2, 5, 577
What are the prime factors of 17976?
2, 3, 7, 107
What are the prime factors of 4587?
3, 11, 139
List the prime factors of 9900.
2, 3, 5, 11
List the prime factors of 3715.
5, 743
What are the prime factors of 3227?
7, 461
List the prime factors of 184.
2, 23
What are the prime factors of 2044?
2, 7, 73
List the prime factors of 98047.
98047
What are the prime factors of 7646?
2, 3823
What are the prime factors of 3280?
2, 5, 41
List the prime factors of 462.
2, 3, 7, 11
List the prime factors of 1562.
2, 11, 71
List the prime factors of 1193.
1193
List the prime factors of 527.
17, 31
List the prime factors of 6841.
6841
What are the prime factors of 2023?
7, 17
What are the prime factors of 29678?
2, 11, 19, 71
List the prime factors of 494.
2, 13, 19
List the prime factors of 3268.
2, 19, 43
What are the prime factors of 6?
2, 3
List the prime factors of 475.
5, 19
List the prime factors of 3635.
5, 727
What are the prime factors of 240?
2, 3, 5
What are the prime factors of 17199?
3, 7, 13
What are the prime factors of 19550?
2, 5, 17, 23
List the prime factors of 32690.
2, 5, 7, 467
What are the prime factors of 1019?
1019
What are the prime factors of 30111?
3, 10037
List the prime factors of 892.
2, 223
List the prime factors of 5864.
2, 733
List the prime factors of 504.
2, 3, 7
What are the prime factors of 7049?
7, 19, 53
List the prime factors of 2911.
41, 71
List the prime factors of 123964.
2, 17, 1823
List the prime factors of 864.
2, 3
What are the prime factors of 11878?
2, 5939
List the prime factors of 553.
7, 79
What are the prime factors of 222?
2, 3, 37
List the prime factors of 260.
2, 5, 13
List the prime factors of 9032.
2, 1129
What are the prime factors of 423?
3, 47
What are the prime factors of 7372?
2, 19, 97
What are the prime factors of 1101?
3, 367
What are the prime factors of 42677?
42677
What are the prime factors of 3678?
2, 3, 613
What are the prime factors of 23979?
3, 7993
What are the prime factors of 1154?
2, 577
List the prime factors of 19924.
2, 17, 293
What are the prime factors of 2076?
2, 3, 173
What are the prime factors of 63540?
2, 3, 5, 353
List the prime factors of 4791.
3, 1597
List the prime factors of 15088.
2, 23, 41
List the prime factors of 9479.
9479
List the prime factors of 17610.
2, 3, 5, 587
List the prime factors of 14837.
37, 401
What are the prime factors of 42290?
2, 5, 4229
What are the prime factors of 312?
2, 3, 13
List the prime factors of 7824.
2, 3, 163
List the prime factors of 6978.
2, 3, 1163
List the prime factors of 1663.
1663
What are the prime factors of 1903?
11, 173
What are the prime factors of 7354?
2, 3677
What are the prime factors of 99767?
99767
List the prime factors of 299.
13, 23
List the prime factors of 9080.
2, 5, 227
What are the prime factors of 9344?
2, 73
List the prime factors of 1025.
5, 41
What are the prime factors of 1334?
2, 23, 29
List the prime factors of 444.
2, 3, 37
List the prime factors of 808.
2, 101
What are the prime factors of 4317?
3, 1439
What are the prime factors of 8591?
11, 71
List the prime factors of 1340.
2, 5, 67
List the prime factors of 4668.
2, 3, 389
What are the prime factors of 2527?
7, 19
List the prime factors of 11154.
2, 3, 11, 13
What are the prime factors of 17783?
17783
What are the prime factors of 1074?
2, 3, 179
What are the prime factors of 11350?
2, 5, 227
List the prime factors of 357.
3, 7, 17
What are the prime factors of 9735?
3, 5, 11, 59
List the prime factors of 30951.
3, 19, 181
List the prime factors of 23657.
41, 577
List the prime factors of 926.
2, 463
What are the prime factors of 6417?
3, 23, 31
What are the prime factors of 11929?
79, 151
What are the prime factors of 4997?
19, 263
List the prime factors of 637.
7, 13
What are the prime factors of 5637?
3, 1879
List the prime factors of 156943.
156943
List the prime factors of 25017.
3, 31, 269
What are the prime factors of 66763?
66763
What are the prime factors of 2?
2
What are the prime factors of 5934?
2, 3, 23, 43
List the prime factors of 137.
137
List the prime factors of 17867.
17, 1051
What are the prime factors of 46435?
5, 37, 251
What are the prime factors of 1277?
1277
What are the prime factors of 700?
2, 5, 7
List the prime factors of 28458.
2, 3, 17, 31
What are the prime factors of 2597?
7, 53
What are the prime factors of 5567?
19, 293
List the prime factors of 9706.
2, 23, 211
What are the prime factors of 1659?
3, 7, 79
What are the prime factors of 4048?
2, 11, 23
List the prime factors of 18648.
2, 3, 7, 37
What are the prime factors of 22136?
2, 2767
List the prime factors of 5274.
2, 3, 293
What are the prime factors of 5851?
5851
What are the prime factors of 1932?
2, 3, 7, 23
List the prime factors of 11717.
11717
List the prime factors of 2079.
3, 7, 11
What are the prime factors of 2719?
2719
What are the prime factors of 10375?
5, 83
What are the prime factors of 935?
5, 11, 17
What are the prime factors of 45657?
3, 19, 89
What are the prime factors of 8893?
8893
List the prime factors of 19299.
3, 7, 919
What are the prime factors of 61261?
61261
What are the prime factors of 57?
3, 19
What are the prime factors of 84865?
5, 11, 1543
What are the prime factors of 67858?
2, 7, 37, 131
List the prime factors of 33585.
3, 5, 2239
What are the prime factors of 22977?
3, 23, 37
List the prime factors of 19014.
2, 3, 3169
What are the prime factors of 2541?
3, 7, 11
List the prime factors of 629.
17, 37
What are the prime factors of 8337?
3, 7, 397
What are the prime factors of 4079?
4079
List the prime factors of 2320.
2, 5, 29
What are the prime factors of 11022?
2, 3, 11, 167
What are the prime factors of 644?
2, 7, 23
What are the prime factors of 1151?
1151
List the prime factors of 364.
2, 